it of 55703?
7
What is the units digit of 6570?
0
What is the tens digit of 229?
2
What is the tens digit of 318?
1
What is the hundreds digit of 26400?
4
What is the units digit of 58086?
6
What is the thousands digit of 82984?
2
What is the units digit of 1047?
7
What is the thousands digit of 2069?
2
What is the hundreds digit of 9679?
6
What is the hundreds digit of 97528?
5
What is the hundreds digit of 15357?
3
What is the thousands digit of 19761?
9
What is the units digit of 1887?
7
What is the units digit of 2852?
2
What is the units digit of 17668?
8
What is the hundreds digit of 19853?
8
What is the thousands digit of 1664?
1
What is the units digit of 2091?
1
What is the units digit of 272?
2
What is the units digit of 357?
7
What is the tens digit of 318?
1
What is the units digit of 5020?
0
What is the tens digit of 678?
7
What is the hundreds digit of 3503?
5
What is the thousands digit of 4116?
4
What is the thousands digit of 6301?
6
What is the hundreds digit of 2477?
4
What is the hundreds digit of 638?
6
What is the tens digit of 811?
1
What is the tens digit of 6805?
0
What is the hundreds digit of 6973?
9
What is the tens digit of 5922?
2
What is the units digit of 51673?
3
What is the hundreds digit of 16101?
1
What is the thousands digit of 7269?
7
What is the hundreds digit of 1296?
2
What is the ten thousands digit of 12062?
1
What is the tens digit of 51569?
6
What is the tens digit of 9877?
7
What is the tens digit of 736?
3
What is the tens digit of 11211?
1
What is the tens digit of 1292?
9
What is the thousands digit of 130522?
0
What is the ten thousands digit of 22314?
2
What is the units digit of 41521?
1
What is the units digit of 1688?
8
What is the tens digit of 14318?
1
What is the units digit of 631?
1
What is the units digit of 1092?
2
What is the tens digit of 2865?
6
What is the hundreds digit of 13206?
2
What is the units digit of 138?
8
What is the units digit of 2085?
5
What is the tens digit of 2098?
9
What is the units digit of 357?
7
What is the tens digit of 8951?
5
What is the tens digit of 523?
2
What is the thousands digit of 31511?
1
What is the tens digit of 751?
5
What is the ten thousands digit of 112795?
1
What is the tens digit of 1090?
9
What is the hundreds digit of 1650?
6
What is the units digit of 1019?
9
What is the hundreds digit of 711?
7
What is the units digit of 233?
3
What is the hundred thousands digit of 101518?
1
What is the hundreds digit of 4075?
0
What is the hundreds digit of 3336?
3
What is the units digit of 3547?
7
What is the units digit of 3042?
2
What is the thousands digit of 24354?
4
What is the ten thousands digit of 12943?
1
What is the hundreds digit of 5244?
2
What is the tens digit of 125?
2
What is the tens digit of 664?
6
What is the hundreds digit of 957?
9
What is the ten thousands digit of 105577?
0
What is the units digit of 554?
4
What is the hundreds digit of 23776?
7
What is the tens digit of 401?
0
What is the hundreds digit of 11060?
0
What is the hundreds digit of 1509?
5
What is the units digit of 35085?
5
What is the ten thousands digit of 131760?
3
What is the thousands digit of 1395?
1
What is the tens digit of 347?
4
What is the units digit of 23797?
7
What is the tens digit of 360?
6
What is the units digit of 5621?
1
What is the tens digit of 3799?
9
What is the units digit of 9410?
0
What is the tens digit of 39299?
9
What is the thousands digit of 39670?
9
What is the units digit of 43231?
1
What is the units digit of 5857?
7
What is the hundreds digit of 900?
9
What is the ten thousands digit of 41315?
4
What is the ten thousands digit of 125615?
2
What is the units digit of 9427?
7
What is the hundreds digit of 929?
9
What is the hundreds digit of 347?
3
What is the ten thousands digit of 11886?
1
What is the hundreds digit of 37868?
8
What is the units digit of 34395?
5
What is the units digit of 7320?
0
What is the tens digit of 29075?
7
What is the thousands digit of 15060?
5
What is the units digit of 10063?
3
What is the tens digit of 40996?
9
What is the units digit of 15187?
7
What is the thousands digit of 6614?
6
What is the tens digit of 923?
2
What is the ten thousands digit of 17137?
1
What is the thousands digit of 1224?
1
What is the thousands digit of 3944?
3
What is the hundreds digit of 1866?
8
What is the hundreds digit of 12827?
8
What is the hundreds digit of 1400?
4
What is the thousands digit of 35880?
5
What is the thousands digit of 11705?
1
What is the tens digit of 14102?
0
What is the thousands digit of 34804?
4
What is the thousands digit of 3068?
3
What is the tens digit of 61896?
9
What is the hundreds digit of 171?
1
What is the hundreds digit of 237?
2
What is the hundreds digit of 5395?
3
What is the units digit of 93347?
7
What is the units digit of 822?
2
What is the units digit of 2888?
8
What is the units digit of 2561?
1
What is the hundreds digit of 146151?
1
What is the thousands digit of 1316?
1
What is the ten thousands digit of 48602?
4
What is the hundreds digit of 344?
3
What is the thousands digit of 6580?
6
What is the hundreds digit of 251?
2
What is the tens digit of 28472?
7
What is the units digit of 5197?
7
What is the units digit of 2188?
8
What is the hundreds digit of 3605?
6
What is the thousands digit of 1881?
1
What is the units digit of 67995?
5
What is the units digit of 1014?
4
What is the thousands digit of 1505?
1
What is the ten thousands digit of 13820?
1
What is the thousands digit of 29213?
9
What is the units digit of 1208?
8
What is the units digit of 752?
2
What is the ten thousands digit of 11036?
1
What is the units digit of 919?
9
What is the hundreds digit of 775?
7
What is the tens digit of 7125?
2
What is the hundreds digit of 21224?
2
What is the thousands digit of 34820?
4
What is the hundreds digit of 30831?
8
What is the hundreds digit of 1082?
0
What is the thousands digit of 8423?
8
What is the units digit of 133?
3
What is the tens digit of 57?
5
What is the thousands digit of 12903?
2
What is the units digit of 798?
8
What is the tens digit of 4641?
4
What is the hundreds digit of 6041?
0
What is the units digit of 5873?
3
What is the tens digit of 17744?
4
What is the thousands digit of 20872?
0
What is the hundreds digit of 1347?
3
What is the units digit of 12825?
5
What is the ten thousands digit of 22018?
2
What is the ten thousands digit of 60157?
6
What is the units digit of 57342?
2
What is the tens digit of 1703?
0
What is the units digit of 16?
6
What is the tens digit of 6960?
6
What is the thousands digit of 2031?
2
What is the hundreds digit of 11772?
7
What is the units digit of 30?
0
What is the hundreds digit of 3530?
5
What is the hundreds digit of 21848?
8
What is the units digit of 5093?
3
What is the tens digit of 19138?
3
What is the thousands digit of 4233?
4
What is the hundreds digit of 1160?
1
What is the hundreds digit of 659?
6
What is the hundreds digit of 17644?
6
What is the thousands digit of 1710?
1
What is the hundreds digit of 9762?
7
What is the thousands digit of 17042?
7
What is the tens digit of 3291?
9
What is the ten thousands digit of 44728?
4
What is the units digit of 593?
3
What is the units digit of 270?
0
What is the thousands digit of 33141?
3
What is the tens digit of 8793?
9
What is the thousands digit of 39263?
9
What is the ten thousands digit of 75712?
7
What is the units digit of 2876?
6
What is the tens digit of 5997?
9
What is the tens digit of 4747?
4
What is the thousands digit of 56925?
6
What is the units digit of 167?
7
What is the hundreds digit of 15557?
5
What is the units digit of 2407?
7
What is the hundreds digit of 97206?
2
What is the thousands digit of 22886?
2
What is the hundreds digit of 20424?
4
What is the thousands digit of 4578?
4
What is the thousands digit of 1078?
1
What is the hundreds digit of 1480?
4
What is the thousands digit of 1869?
1
What is the hundreds digit of 139609?
6
What is the tens digit of 99?
9
What is the thousands digit of 8177?
8
What is the thousands digit of 178804?
8
What is the units digit of 19873?
3
What is the tens digit of 975?
7
What is the tens digit of 1646?
4
What is the thousands digit of 3008?
3
What is the thousands digit of 52179?
